ed by 1403?
1401
What is the remainder when 10573 is divided by 2546?
389
What is the remainder when 113987 is divided by 3363?
3008
What is the remainder when 698475 is divided by 299?
11
What is the remainder when 18793299 is divided by 100?
99
Calculate the remainder when 1002407 is divided by 334128.
23
Calculate the remainder when 4643456 is divided by 8712.
8672
What is the remainder when 326662 is divided by 180?
142
What is the remainder when 27700670 is divided by 18?
2
What is the remainder when 799167 is divided by 1741?
48
Calculate the remainder when 308497 is divided by 109.
27
What is the remainder when 398216 is divided by 170?
76
Calculate the remainder when 20899 is divided by 5655.
3934
What is the remainder when 67170 is divided by 32787?
1596
What is the remainder when 1348844 is divided by 674354?
136
Calculate the remainder when 246823269 is divided by 408.
405
Calculate the remainder when 1389631 is divided by 694447.
737
What is the remainder when 30649730 is divided by 2759?
2758
What is the remainder when 225484 is divided by 8052?
28
What is the remainder when 1038271 is divided by 346067?
70
What is the remainder when 4360463 is divided by 22?
19
What is the remainder when 5918197 is divided by 100?
97
What is the remainder when 163387 is divided by 669?
151
What is the remainder when 5753 is divided by 1338?
401
What is the remainder when 1596791 is divided by 12281?
261
Calculate the remainder when 11627403 is divided by 5062.
5051
What is the remainder when 72956452 is divided by 12?
4
What is the remainder when 34581 is divided by 542?
435
What is the remainder when 36103322 is divided by 29?
4
Calculate the remainder when 23571714 is divided by 347.
4
What is the remainder when 101658 is divided by 241?
197
Calculate the remainder when 43001615 is divided by 164.
159
What is the remainder when 2223268 is divided by 1105?
8
Calculate the remainder when 1256794 is divided by 418925.
19
What is the remainder when 147452 is divided by 705?
107
Calculate the remainder when 25900 is divided by 774.
358
Calculate the remainder when 1788552 is divided by 116.
64
What is the remainder when 3492525 is divided by 46?
21
What is the remainder when 932770 is divided by 5126?
4964
What is the remainder when 268063 is divided by 55?
48
Calculate the remainder when 21134 is divided by 10477.
180
What is the remainder when 558349 is divided by 422?
43
What is the remainder when 191273 is divided by 2567?
1315
Calculate the remainder when 80860 is divided by 540.
400
What is the remainder when 366791 is divided by 1207?
1070
What is the remainder when 155278 is divided by 1243?
1146
What is the remainder when 36884396 is divided by 1117708?
32
What is the remainder when 24246673 is divided by 9?
7
What is the remainder when 34623 is divided by 474?
21
Calculate the remainder when 11107539 is divided by 1143.
1008
What is the remainder when 31998370 is divided by 4?
2
What is the remainder when 1593670 is divided by 1593648?
22
Calculate the remainder when 1222 is divided by 402.
16
What is the remainder when 687243 is divided by 2673?
282
What is the remainder when 125261 is divided by 611?
6
Calculate the remainder when 12043469 is divided by 26.
9
Calculate the remainder when 1500889 is divided by 35.
19
What is the remainder when 414513 is divided by 6074?
1481
Calculate the remainder when 2336568 is divided by 66759.
3
Calculate the remainder when 95121157 is divided by 1941248.
5
Calculate the remainder when 312103 is divided by 424.
39
Calculate the remainder when 460363976 is divided by 43.
42
Calculate the remainder when 2803009 is divided by 215616.
1
What is the remainder when 20749936 is divided by 10374960?
16
What is the remainder when 81735 is divided by 26661?
1752
What is the remainder when 31659263 is divided by 1638?
1637
What is the remainder when 5685363 is divided by 441?
432
Calculate the remainder when 1005832 is divided by 4299.
4165
Calculate the remainder when 27440925 is divided by 22.
17
Calculate the remainder when 898304 is divided by 1435.
1429
Calculate the remainder when 6874998 is divided by 159.
156
Calculate the remainder when 32263432 is divided by 43.
16
Calculate the remainder when 103403038 is divided by 156.
154
What is the remainder when 3006998 is divided by 687?
686
What is the remainder when 17750 is divided by 7?
5
Calculate the remainder when 2479890 is divided by 23176.
58
Calculate the remainder when 77099 is divided by 4749.
1115
What is the remainder when 10715528 is divided by 6847?
6820
Calculate the remainder when 22536 is divided by 118.
116
Calculate the remainder when 601592791 is divided by 300796394.
3
Calculate the remainder when 19472258 is divided by 7228.
26
What is the remainder when 183041640 is divided by 249?
246
What is the remainder when 13106135 is divided by 4360?
4335
Calculate the remainder when 16640395 is divided by 141.
139
What is the remainder when 177804 is divided by 177691?
113
What is the remainder when 4115441 is divided by 652?
17
Calculate the remainder when 65228479 is divided by 3106118.
1
Calculate the remainder when 50435791 is divided by 1945.
1941
Calculate the remainder when 49268 is divided by 9.
2
What is the remainder when 103501179 is divided by 51750583?
13
What is the remainder when 113992 is divided by 270?
52
Calculate the remainder when 2907395 is divided by 914.
875
Calculate the remainder when 3899012 is divided by 1344.
68
What is the remainder when 2763903 is divided by 164?
11
What is the remainder when 112837 is divided by 769?
563
Calculate the remainder when 68456 is divided by 68448.
8
What is the remainder when 209433 is divided by 4552?
41
What is the remainder when 159230 is divided by 2?
0
Calculate the remainder when 1114326 is divided by 102.
78
Calculate the remainder when 32975173 is divided by 824379.
13
What is the remainder when 4485301 is divided by 203877?
7
What is the remainder when 2701060451 is divided by 36?
35
Calculate the remainder when 869965 is divided by 28.
5
Calculate the remainder when 325202249 is divided by 4574.
4571
What is the remainder when 5400670 is divided by 181?
173
Calculate the remainder when 72589803 is divided by 5184985.
13
What is the remainder when 37277 is divided by 348?
41
Calculate the remainder when 986675 is divided by 773.
327
Calculate the remainder when 14627 is divided by 3648.
35
What is the remainder when 23358686 is divided by 359?
351
What is the remainder when 6123763 is divided by 238?
23
What is the remainder when 52851267 is divided by 5285126?
7
Calculate the remainder when 4438667 is divided by 2219319.
29
What is the remainder when 446607 is divided by 446515?
92
Calculate the remainder when 7164412 is divided by 20.
12
What is the remainder when 56167 is divided by 28014?
139
What is the remainder when 770367 is divided by 186?
141
Calculate the remainder when 1478249 is divided by 163.
2
Calculate the remainder when 732223 is divided by 628.
603
Calculate the remainder when 1524055 is divided by 935.
5
What is the remainder when 19885810 is divided by 49?
42
Calculate the remainder when 8196844 is divided by 296.
12
Calculate the remainder when 761220 is divided by 70.
40
What is the remainder when 1406050 is divided by 1405951?
99
Calculate the remainder when 6247998 is divided by 1363.
6
What is the remainder when 179427 is divided by 83?
64
Calculate the remainder when 171201 is divided by 1170.
381
Calculate the remainder when 1599273 is divided by 159899.
283
Calculate the remainder when 13840125 is divided by 5565.
5535
Calculate the remainder when 943190 is divided by 4120.
3830
What is the remainder when 124525 is divided by 308?
93
Calculate the remainder when 552443 is divided by 44.
23
Calculate the remainder when 25891258 is divided by 1087.
5
Calculate the remainder when 2137509 is divided by 479.
211
What is the remainder when 5286575 is divided by 964?
963
Calculate the remainder when 897758 is divided by 30.
8
What is the remainder when 2476647 is divided by 44?
19
Calculate the remainder when 1486561 is divided by 17285.
51
What is the remainder when 206748 is divided by 111?
66
Calculate the remainder when 326133 is divided by 940